Is 177949879 composite?
False
Is 15352129451 a prime number?
True
Is 2272799701 a prime number?
False
Is 64530427981 composite?
False
Is 348826721 composite?
False
Is 1089986303 a composite number?
True
Is 23716582507 a prime number?
True
Is 1173125321 a prime number?
True
Is 31465274219 a composite number?
False
Is 123568873 composite?
False
Is 541554509 prime?
True
Is 43877623285 a composite number?
True
Is 288377744143 a prime number?
True
Is 4508450909 composite?
False
Is 171583845031 composite?
True
Is 35611949 composite?
False
Is 1315708349 composite?
True
Is 315421776442 composite?
True
Is 1256151263 composite?
False
Is 374340377 a prime number?
True
Is 3724290541 composite?
False
Is 64346189 a prime number?
False
Is 421707724133 a composite number?
False
Is 3776677613 composite?
True
Is 20292343831 a composite number?
True
Is 102652411 a composite number?
False
Is 335238103 composite?
False
Is 344433241 composite?
True
Is 7037959937 prime?
True
Is 218674387 a composite number?
False
Is 26347529353 composite?
True
Is 3625017191 prime?
True
Is 2447392177 prime?
True
Is 42142319 a composite number?
False
Is 175105160947 composite?
False
Is 5468382121 composite?
False
Is 1533370627 a composite number?
True
Is 14589416791 a prime number?
False
Is 3482722011 a prime number?
False
Is 236246873 composite?
False
Is 826752239 prime?
False
Is 483533383 composite?
False
Is 127409977 a prime number?
True
Is 10917741251 composite?
False
Is 2778464341 a composite number?
True
Is 294650761 a prime number?
False
Is 15942887869 a composite number?
False
Is 3861966079 a composite number?
False
Is 16531179571 a composite number?
False
Is 10120912411 composite?
False
Is 23884598897 a composite number?
True
Is 715534159 a composite number?
True
Is 3076276129 composite?
False
Is 1163190517 a prime number?
False
Is 30476269 a prime number?
True
Is 3224783399 a composite number?
False
Is 4414442503 composite?
True
Is 21650482037 a prime number?
True
Is 9290197123 composite?
False
Is 47740400139 a prime number?
False
Is 1493344933 prime?
True
Is 789239551 composite?
False
Is 391030201 a composite number?
True
Is 61308953339 a composite number?
False
Is 2134776599 composite?
True
Is 111774853679 prime?
True
Is 40094604521 prime?
True
Is 248287271 a prime number?
True
Is 508258307 prime?
False
Is 707746861 prime?
True
Is 1588070153 prime?
True
Is 1119891793 prime?
True
Is 48382111801 a prime number?
False
Is 12067033339 a composite number?
False
Is 1398801073 a composite number?
False
Is 81347639 a composite number?
True
Is 12248923679 a prime number?
True
Is 1151525201 a prime number?
False
Is 1903860769 composite?
True
Is 21495129321 prime?
False
Is 12641174929 a prime number?
True
Is 1659553291 a composite number?
True
Is 37865709181 a composite number?
False
Is 7887711437 a prime number?
True
Is 3534535579 composite?
False
Is 88365509 a prime number?
False
Is 541958839 prime?
True
Is 616683731 a composite number?
True
Is 12066141923 prime?
False
Is 84701486183 composite?
True
Is 1415711027 prime?
True
Is 584490541 a composite number?
False
Is 7121525243 prime?
False
Is 137765081 a prime number?
False
Is 9151905929 a composite number?
False
Is 5097963847 a composite number?
False
Is 39527811317 a prime number?
False
Is 156499356241 a prime number?
True
Is 9649959637 a composite number?
True
Is 834840481 composite?
False
Is 216355671503 prime?
True
Is 11209875751 a prime number?
False
Is 2349320635 a prime number?
False
Is 7885733993 composite?
False
Is 477793721 composite?
True
Is 7398993493 a prime number?
True
Is 64556403661 composite?
False
Is 390403319 prime?
True
Is 2007931363 prime?
True
Is 1994525263 a prime number?
True
Is 41262644377 a prime number?
True
Is 77747650751 a composite number?
False
Is 229201571966 a prime number?
False
Is 63884911 a composite number?
False
Is 3973889989 composite?
False
Is 11530822489 prime?
True
Is 691760623 composite?
False
Is 252412151 prime?
True
Is 4715744987 composite?
False
Is 675135703 prime?
False
Is 1634393747 prime?
False
Is 258405913 prime?
True
Is 558214469 a composite number?
False
Is 163597388497 a composite number?
False
Is 1949339567 prime?
False
Is 372265169 prime?
True
Is 257699159 composite?
False
Is 203793477427 composite?
False
Is 80548158718 prime?
False
Is 6368612639 prime?
True
Is 23629432579 prime?
True
Is 17981098181 composite?
False
Is 3123864943 prime?
True
Is 7646802661 a prime number?
False
Is 454209103 prime?
True
Is 1461663659 a prime number?
False
Is 17549823085 prime?
False
Is 3241500023 a composite number?
True
Is 31396912831 prime?
True
Is 68747251 a composite number?
True
Is 223692589709 composite?
False
Is 102681409 prime?
False
Is 7618680841 a prime number?
False
Is 1814880727 a composite number?
True
Is 31548568141 composite?
False
Is 103762247057 a prime number?
False
Is 7378846313 a composite number?
True
Is 1208503111 a composite number?
False
Is 21128051531 composite?
False
Is 2286661397 a prime number?
False
Is 80637263303 a prime number?
True
Is 33458348283 a prime number?
False
Is 13212597407 prime?
True
Is 6065240267 composite?
True
Is 1493681389 composite?
False
Is 8201485753 a prime number?
False
Is 110169473 prime?
True
Is 8482272461 prime?
False
Is 12289093247 a composite number?
True
Is 3008464127 a prime number?
True
Is 241033159 composite?
False
Is 330852371 prime?
True
Is 1453771651 composite?
True
Is 968266099 prime?
True
Is 25198901807 composite?
True
Is 1209591853 prime?
True
Is 33786482167 prime?
True
Is 1880741227 a prime number?
True
Is 1804885217 prime?
True
Is 3903202549 composite?
False
Is 1868715811 a prime number?
False
Is 5958935063 a prime number?
False
Is 8392065553 a composite number?
False
Is 34402717 prime?
True
Is 2668330097 a composite number?
False
Is 673889519 composite?
False
Is 20721983 a prime number?
True
Is 6618163873 prime?
True
Is 53805405209 prime?
True
Is 16699351709 composite?
False
Is 1077551131 prime?
False
Is 1765421345 composite?
True
Is 51261453223 a prime number?
False
Is 8806644958 prime?
False
Is 3279627683 prime?
True
Is 510180977 prime?
True
Is 43354051661 a prime number?
False
Is 2712007619 prime?
True
Is 2995407253 a prime number?
False
Is 380612263 prime?
False
Is 2463796919 a composite number?
False
Is 43443789937 composite?
False
Is 55197137053 a prime number?
True
Is 17936687231 prime?
True
Is 28457413081 a prime number?
False
Is 3044036519 a composite number?
False
Is 1576131637 a prime number?
False
Is 3632768599 prime?
True
Is 1062209999 composite?
True
Is 33162672817 a prime number?
False
Is 3538621007 composite?
False
Is 1003455983 a prime number?
False
Is 208609237 a prime number?
True
Is 8128081109 prime?
True
Is 856394269 prime?
True
Is 486876849 composite?
True
Is 35151475301 a prime number?
False
Is 4588054171 a prime number?
True
Is 1754225639 a composite number?
True
Is 2262969109 a prime number?
True
Is 2925452521 a prime number?
True
Is 70563303617 composite?
False
Is 4720016269 a prime number?
False
Is 21199330039 composite?
False
Is 1403262611 composite?
False
Is 663145655 a composite number?
True
Is 60377516959 prime?
False
Is 58099300409 a composite number?
False
Is 2134435133 prime?
False
Is 54574141663 composite?
True
Is 1765398329 prime?
True
Is 32848660729 a composite number?
True
Is 78225674669 a composite number?
False
Is 1680714269 a prime number?
False
Is 18656689481 a prime number?
True
Is 1522151833 composite?
True
Is 9783620447 prime?
True
Is 3026113963 composite?
True
Is 330416701 a composite number?
False
Is 5932657897 a prime number?
True
Is 109977728915 prime?
False
Is 2427335761 a composite number?
False
Is 396246233 a prime number?
False
Is 87213558515 composite?
True
Is 66842171177 prime?
True
Is 839404463 a composite number?
True
Is 24568317505 a composite number?
True
Is 20869251995 composite?
True
Is 481714231 composite?
True
Is 61149383551 a prime number?
True
Is 1535636881 a prime number?
True
Is 1801351709 a prime number?
False
Is 12475415087 prime?
True
Is 4524240169 prime?
False
Is 167604209 prime?
False
Is 1988385379 composite?
False
Is 8160426727 composite?
False
Is 24507659531 a composite number?
True
Is 25485402139 composite?
False
Is 27407508083 prime?
True
Is 349802